i**2. Let c(b) be the first derivative of n(b). Determine c(-4).
-3
Suppose 12 + 138 = 25*y. Let l(w) = 3*w**2 + 2*w + 3. Let z(d) = -5*d**2 - 5*d - 7. Let c(i) = -7*l(i) - 4*z(i). Give c(y).
7
Let a(g) = -g**2 - 8*g - 14. Let q(y) = -y**2 - 3*y - 13. Let v(j) = 3*a(j) - 2*q(j). What is v(-13)?
49
Let f(v) = -4 - 2*v**2 - 1 + 3*v**2. Let n(q) = 13*q + 169. Let m be n(-13). Suppose 60*a - 6*a = m. Determine f(a).
-5
Suppose 2*s + 6*s - 6*s = 0. Suppose s - 6 = n. Let d(x) = 2*x**2 - 4*x**2 - 2 + 6*x + 5 + 3*x**2. Determine d(n).
3
Let j be 2/2 + (-11 - -9). Let l(c) = 3*c**2. Let g be l(1). Let n(d) = 4*d - g*d - 6*d + 4*d + 1. What is n(j)?
2
Let u(n) = -n**3 - 6*n**2 + 9*n - 2. Let m be u(-7). Let v be (12/(-8))/(6/m). Suppose 4*l + 7*w = v*w + 19, 3 = 3*w. Let h(r) = r**2 - 8*r + 3. Determine h(l).
-13
Let m(u) be the third derivative of -u**5/120 + u**4/4 + 103*u**3/6 + 7*u**2 + 2. Let o(z) be the first derivative of m(z). Suppose 5*v - v = 28. Give o(v).
-1
Let g be 1518/33 - (-2 - (2 + -12)). Let i(y) = y**2 - 36*y - 70. Give i(g).
6
Let k(g) be the first derivative of 4*g**3/3 - 12*g**2 - 12*g + 421. What is k(6)?
-12
Let t(u) be the second derivative of 0 - 161*u - 1/2*u**4 - 5/6*u**3 - u**2 + 1/20*u**5. Determine t(7).
12
Let d(r) = 10*r**2 - 2*r - 74. Let u(q) = 29*q**2 - 7*q - 199. Let p(h) = 8*d(h) - 3*u(h). Determine p(-1).
-7
Let k(c) = -40*c. Let u(t) = -2*t + 2. Let x(h) = k(h) - 16*u(h). Calculate x(-3).
-8
Let l = 7137 - 7131. Let c(n) = -4*n**2 + 12*n + 67. What is c(l)?
-5
Let x(y) = 15*y**2 - y. Let c(o) = -o**3 - o**2 + 11*o - 10. Let k be c(1). What is x(k)?
16
Let f(z) be the first derivative of -1/4*z**4 + 11*z - 143 + 7/3*z**3 - 4*z**2. Determine f(6).
-1
Let q(r) = -r**3 + 3*r**2 + 13*r - 4. Let i be 21/(-14)*(280/21)/(-4). What is q(i)?
11
Let j be (-20)/50 - 69/(-35) - (-15)/35. Let c(y) be the first derivative of 5/3*y**3 - y + 16 + 1/2*y**j. Give c(2).
21
Let y(o) = -3*o**2 + 5*o**2 - 3*o - 9*o - 8 + 19 - 3*o. Determine y(6).
-7
Let x(z) = -z**2 + 6*z - 5. Let s(d) = d**3 + 13*d**2 + 2*d + 32. Suppose -26 = 4*u - 2*u. Let l be s(u). Calculate x(l).
-5
Let a(d) = -d**3 - 107*d**2 - 95*d + 1197. Let h be a(-106). Let v(i) = i**2 - 39*i + 251. What is v(h)?
3
Let p(u) = -2*u - 12. Let c(x) = 3*x**3 - 2*x**2 - 4*x - 3. Let s be c(-1). Let q be -5 + -4 - 12/s. What is p(q)?
0
Let u(c) = -165*c - 91. Let z(k) = -227*k - 122. Let s(v) = -11*u(v) + 8*z(v). What is s(8)?
17
Let f = 136 + -130. Suppose -6 = f*x - 24. Let d(y) = -y + 10. What is d(x)?
7
Let a(v) be the third derivative of -v**4/24 + 383*v**2. Let c(g) = -2*g + 4. Let j be c(3). Let y be ((0/(-1))/2)/j. Give a(y).
0
Let a(p) = 11*p - 13. Let x(f) = -6*f + 12. Let n(i) = -3*a(i) - 5*x(i). Calculate n(-11).
12
Let i(n) be the third derivative of n**4/24 - n**3 - 106*n**2 + 17*n. Calculate i(-11).
-17
Let j(u) = 41*u**3 - 14*u**2 + 79*u - 4. Let o(x) = -13*x**3 + 4*x**2 - 25*x + 1. Let v(t) = 6*j(t) + 19*o(t). Let z = -17 - -9. Determine v(z).
3
Let a(c) = c**2 + c. Let g(z) = -7*z**2 - 4*z. Let s(u) = 5*a(u) + g(u). Let k be ((-1)/2)/(1/(-2)). Let b be -3*(-6)/(-9)*k. Determine s(b).
-10
Let z(k) = 18*k + 221*k**2 - 220*k**2 + 14 + 13 + 55. Determine z(-8).
2
Suppose 5*q + 3*z + 38 = 0, -4*q = -5*q + z + 2. Let k(t) = 7*t + 16. Let i(x) = -x - 1. Let s(j) = -6*i(j) - k(j). Calculate s(q).
-6
Let q(y) = -2*y**3 + 20*y**2 + 17*y + 39. Let z be q(11). Let i(s) = s**3 + 15*s**2 - 18*s - 39. Calculate i(z).
-7
Let o = 1696 - 1696. Let u(i) be the second derivative of o + 1/12*i**4 - 3/5*i**5 + 0*i**3 + 10*i + 0*i**2. Give u(-1).
13
Let l(q) = 6*q + 46. Let v(i) = -i**2 + 5*i + 27. Let w be v(-4). Give l(w).
-8
Let h = -389 - -396. Let j be (1/2)/(5/70*h). Let d(m) = m - 1. Calculate d(j).
0
Let p(z) = -z**3 + 11*z**2 - 10*z + 22. Let h(r) = -342*r - 332. Let k be h(-1). What is p(k)?
22
Let w(p) = 481*p + p**3 - 224*p + p**2 - 3 - 7*p**2 - 253*p. What is w(2)?
-11
Let s be (-5)/(-50)*-5*10. Let p(j) = -6*j**2 - 4*j + 1. Let b(v) = 4*v**2 + 2*v. Let z(u) = s*b(u) - 3*p(u). Calculate z(2).
-7
Let c(h) = 123*h**2 - 6*h - 6. Let a be c(-1). Let k(b) = 1 + 12*b**2 + 4 - 121*b + a*b - 6. Suppose 0 = 3*v - 7*v + 4. Give k(v).
13
Let u(j) = -4*j + 11. Let o(f) = -f**3 - 106*f**2 - 197*f + 1141. Let n be o(-104). What is u(n)?
23
Suppose -153 = -2*q + 37. Suppose -1 = -3*p + q. Suppose 4*k - p = -48. Let h(b) = -b**2 - 6*b - 2. Calculate h(k).
6
Let c(o) = -60*o - 36. Let d(b) = -7*b - 2. Let s(r) = c(r) - 8*d(r). What is s(-4)?
-4
Let r = -2 + 12. Suppose -12*z + 17*z = r. Let i(u) = -u**3 + 1 + 231*u**2 + z*u**3 - 229*u**2 + 3*u. Give i(-2).
-5
Let g(q) = -q**3 - 12*q**2 + 13*q - 12 + 5 + 9 - 6. Calculate g(-13).
-4
Let z be (-105)/75 + (-49)/(-35). Let s(x) = x**2 + 5*x - 9. Calculate s(z).
-9
Suppose 2 = -2*q - 4*c, -26*c = -4*q - 31*c - 10. Let m(p) = 4*p**2 + 26*p + 17. Calculate m(q).
-13
Let x be 1/(-2) - 90/(-12). Let b = -95 - -101. Let r(s) = 2 - b - 1 + s**2 - 578*s + 569*s. Calculate r(x).
-19
Let f(l) = -l**2 + 11*l - 7. Let m be (66/(-264))/((-2)/72). Give f(m).
11
Let n = 3395 - 3388. Let h(r) = -2*r - 52. Let y(u) = -26 + 0*u + 2*u - 3*u. Let l(w) = n*y(w) - 4*h(w). Determine l(0).
26
Let z(p) = -1 + 54*p + 58*p - 114*p. Let k(v) = v**3 - 7*v**2 + 11*v - 27. Suppose 6*j - 6 = 5*j. Let h be k(j). Give z(h).
-7
Let d(y) be the first derivative of -y**3/3 + 8*y**2 - 8*y - 1684. What is d(16)?
-8
Let p(t) = 277 + 269 - t - 489 + t - 6*t. Calculate p(18).
-51
Suppose -2*j - t = 17, -2*j - 27 = -6*t + 5*t. Let f(z) = z**2 + 19*z + 30. Calculate f(j).
-58
Let d(v) = -6*v**3 - 2*v**2 - 5*v - 2. Let o = 2296 + -2297. What is d(o)?
7
Suppose 2*m = 2*b - 8, -6*m - 8 = -2*b - 13*m. Let l(z) = -z**3 + z**2. Let h(o) = -o**3 - 5*o**2 + 4*o + 5. Let x(a) = -h(a) + 2*l(a). Determine x(b).
27
Let t(o) = -o**2 - 5*o + 1. Let b = 609 - 596. Suppose -57 = b*d + 21. Give t(d).
-5
Let w be (2 + -3)*-1 + 3. Let r(a) = 20*a - 161. Let h(p) = -63*p + 507. Let s(v) = 7*h(v) + 22*r(v). Give s(w).
3
Let m(q) be the third derivative of 0*q + 20*q**2 - 5/2*q**3 + 0 - 1/12*q**4. Determine m(0).
-15
Let o = -8082 + 8116. Let v(q) = -q**3 + 37*q**2 - 101*q - 35. Give v(o).
-1
Let c(w) = 583*w - 30. Let v(u) = 130*u - 7. Let a(i) = 4*c(i) - 18*v(i). Give a(-2).
22
Let c(f) = -4*f**3 - f - 3406 - 8*f**2 + 26*f**2 + 3*f**3 + 3272 - 8*f. Give c(17).
2
Let g(a) = 5 - 79401*a**3 + 79400*a**3 - 2 + 10*a**2 - 25*a. Give g(6).
-3
Let b(l) be the third derivative of -3*l**4/2 - 5*l**3/6 - 5758*l**2. Calculate b(-3).
103
Let k(g) = -177*g - 2*g**2 + 114*g + 62*g + 29. Give k(-5).
-16
Suppose -l = 4*l - g - 35, 2*l - 2*g = 6. Suppose 2*f - 8 = 2*j + 2*j, 0 = -4*j - 4*f - l. Let z be 4/(-8) - j/(-4). Let y(i) = 6*i - 1. What is y(z)?
-7
Let n(q) = q**3 - 8*q**2 + 2*q - 19. Suppose -287 + 313 = 3*k + y, 22 = 2*k + 3*y. Determine n(k).
-3
Let a(w) be the second derivative of -w**5/60 - 5*w**4/24 - w**2/2 - 8*w. Let z(u) be the first derivative of a(u). Let q be 5*(35/(-7) + 4). Determine z(q).
0
Let a(d) be the third derivative of -1/6*d**4 - 55*d**2 + 0 + 1/3*d**3 + 0*d - 1/60*d**5. Determine a(-4).
2
Let v(c) = c**3 + 8*c**2 + 5*c - 9. Let i be v(-7). Let l be 1 + 1 - (-2 - (3 - i)). Let b(u) = -5*u**l - 2*u**3 + 3 - u**3 + 4*u**3 - u. What is b(5)?
-2
Suppose 1141 = 13*f + 738. Let g(j) = -j**2 + 12 + f*j + 39*j - 81*j. Give g(-12).
0
Let z(a) = a - 9. Suppose -6*p = -7*p - 4*f - 37, 2*f = p + 55. Let u be (-1)/(p/(-21)) - (-177)/21. What is z(u)?
-1
Let w(u) = 6*u. Let k(o) = o**3 - 24*o**2 + 21*o + 22. Suppose -3*y = a - 28 - 4, 2*a - 31 = 5*y. Let m be k(a). Let s = -25 - m. Determine w(s).
-6
Let b(v) = -v**2 - v. Suppose -5*c - 1 = -5*r + 19, -3*r + 5*c = -18. Let m be b(r). Let h(u) = 2*u + 1. What is h(m)?
-3
Let c(p) = -4*p**2 + 8*p + 1. Let w(t) = -3*t**2 + 7*t. Let y(l) = -2*c(l) + 3*w(l). Let d be 6*((-260)/40 - ((-3)/(-3) - 8)). Give y(d).
4
Let w(u) = -37*u + 54. Let s(k) = k - 26. Let j(i) = 2*s(i) + w(i). Calculate j(4).
-138
Let y = -157 - -177. Let o(c) = c - 32 + 17 + y. What is o(-5)?
0
Let x(k) = 48*k + 192. Suppose -a - 3*u - 84 = -65, 0 = 3*a - 5*u - 13. What is x(a)?
0
Let o(l) = -2*l**2 + 64*l - 282. Let h be o(5). Let c(r) = 2*r**3 + 24*r**2 + r + 19. What is c(h)?
7
Let c